{"id":45,"date":"2015-06-16T12:04:29","date_gmt":"2015-06-16T12:04:29","guid":{"rendered":"https:\/\/www.basaurimeeting.com\/?page_id=45"},"modified":"2026-03-27T12:04:24","modified_gmt":"2026-03-27T12:04:24","slug":"reglamento","status":"publish","type":"page","link":"https:\/\/www.basaurimeeting.com\/index.php\/reglamento\/","title":{"rendered":"Reglamento"},"content":{"rendered":"\n<style type=\"text\/css\" data-created_by=\"avia_inline_auto\" id=\"style-css-av-svp1-ff93558269ede470763aca429879ed58\">\n.avia-section.av-svp1-ff93558269ede470763aca429879ed58{\nbackground-color:#7bb0e7;\nbackground-image:unset;\n}\n.avia-section.av-svp1-ff93558269ede470763aca429879ed58 .av-section-color-overlay{\nopacity:0.9;\nbackground-color:#ffffff;\n}\n<\/style>\n<div id='av_section_1'  class='avia-section av-svp1-ff93558269ede470763aca429879ed58 main_color avia-section-default avia-no-border-styling  avia-builder-el-0  el_before_av_section  avia-builder-el-first  avia-bg-style-scroll av-section-color-overlay-active container_wrap sidebar_right'  ><div class=\"av-section-color-overlay-wrap\"><div class=\"av-section-color-overlay\"><\/div><div class='container av-section-cont-open' ><main  role=\"main\" itemprop=\"mainContentOfPage\"  class='template-page content  av-content-small alpha units'><div class='post-entry post-entry-type-page post-entry-45'><div class='entry-content-wrapper clearfix'>\n<section  class='av_textblock_section av-mkx2mrbg-beda7a76295e29eeee8b8e53ff947879 '   itemscope=\"itemscope\" itemtype=\"https:\/\/schema.org\/CreativeWork\" ><div class='avia_textblock'  itemprop=\"text\" ><h1 style=\"text-align: left;\">Reglamento<\/h1>\n<\/div><\/section>\n<section  class='av_textblock_section av-mkx2wxzu-4a2b6231cda4c5538ce75ab71a25e44e '   itemscope=\"itemscope\" itemtype=\"https:\/\/schema.org\/CreativeWork\" ><div class='avia_textblock'  itemprop=\"text\" ><h2 style=\"text-align: left;\"><strong>XXVIII. EDIZIOA MEETING PARALIMPICO<\/strong><\/h2>\n<\/div><\/section>\n\n<\/div><\/div><\/main><!-- close content main element --><\/div><\/div><\/div>\n<style type=\"text\/css\" data-created_by=\"avia_inline_auto\" id=\"style-css-av-34axp-c0d8876078a023e6c62fe43e68403af8\">\n.avia-section.av-34axp-c0d8876078a023e6c62fe43e68403af8{\nbackground-color:#ffffff;\nbackground-image:unset;\nposition:relative;\n}\n.avia-section.av-34axp-c0d8876078a023e6c62fe43e68403af8 .avia-divider-svg-top svg{\nheight:50px;\nwidth:calc(100% + 1.3px);\nfill:#7bb0e7;\n}\n.avia-section.av-34axp-c0d8876078a023e6c62fe43e68403af8 .avia-divider-svg-bottom svg{\nheight:50px;\nwidth:calc(100% + 1.3px);\nfill:#7bb0e7;\n}\n<\/style>\n<div id='av_section_2'  class='avia-section av-34axp-c0d8876078a023e6c62fe43e68403af8 main_color avia-section-default avia-no-border-styling  avia-builder-el-3  el_after_av_section  el_before_av_section  avia-bg-style-scroll container_wrap sidebar_right'  ><div class='avia-divider-svg avia-divider-svg-arrow avia-divider-svg-top avia-svg-original'><svg xmlns=\"http:\/\/www.w3.org\/2000\/svg\" viewBox=\"0 0 700 10\" preserveAspectRatio=\"none\">\n\t<path d=\"M350,10L340,0h20L350,10z\"\/>\n<\/svg><\/div><div class='avia-divider-svg avia-divider-svg-wave-brush avia-divider-svg-bottom avia-svg-original'><svg xmlns=\"http:\/\/www.w3.org\/2000\/svg\" viewBox=\"0 0 283.5 27.8\" preserveAspectRatio=\"none\">\n\t<path d=\"M283.5,9.7c0,0-7.3,4.3-14,4.6c-6.8,0.3-12.6,0-20.9-1.5c-11.3-2-33.1-10.1-44.7-5.7\ts-12.1,4.6-18,7.4c-6.6,3.2-20,9.6-36.6,9.3C131.6,23.5,99.5,7.2,86.3,8c-1.4,0.1-6.6,0.8-10.5,2c-3.8,1.2-9.4,3.8-17,4.7\tc-3.2,0.4-8.3,1.1-14.2,0.9c-1.5-0.1-6.3-0.4-12-1.6c-5.7-1.2-11-3.1-15.8-3.7C6.5,9.2,0,10.8,0,10.8V0h283.5V9.7z M260.8,11.3\tc-0.7-1-2-0.4-4.3-0.4c-2.3,0-6.1-1.2-5.8-1.1c0.3,0.1,3.1,1.5,6,1.9C259.7,12.2,261.4,12.3,260.8,11.3z M242.4,8.6\tc0,0-2.4-0.2-5.6-0.9c-3.2-0.8-10.3-2.8-15.1-3.5c-8.2-1.1-15.8,0-15.1,0.1c0.8,0.1,9.6-0.6,17.6,1.1c3.3,0.7,9.3,2.2,12.4,2.7\tC239.9,8.7,242.4,8.6,242.4,8.6z M185.2,8.5c1.7-0.7-13.3,4.7-18.5,6.1c-2.1,0.6-6.2,1.6-10,2c-3.9,0.4-8.9,0.4-8.8,0.5\tc0,0.2,5.8,0.8,11.2,0c5.4-0.8,5.2-1.1,7.6-1.6C170.5,14.7,183.5,9.2,185.2,8.5z M199.1,6.9c0.2,0-0.8-0.4-4.8,1.1\tc-4,1.5-6.7,3.5-6.9,3.7c-0.2,0.1,3.5-1.8,6.6-3C197,7.5,199,6.9,199.1,6.9z M283,6c-0.1,0.1-1.9,1.1-4.8,2.5s-6.9,2.8-6.7,2.7\tc0.2,0,3.5-0.6,7.4-2.5C282.8,6.8,283.1,5.9,283,6z M31.3,11.6c0.1-0.2-1.9-0.2-4.5-1.2s-5.4-1.6-7.8-2C15,7.6,7.3,8.5,7.7,8.6\tC8,8.7,15.9,8.3,20.2,9.3c2.2,0.5,2.4,0.5,5.7,1.6S31.2,11.9,31.3,11.6z M73,9.2c0.4-0.1,3.5-1.6,8.4-2.6c4.9-1.1,8.9-0.5,8.9-0.8\tc0-0.3-1-0.9-6.2-0.3S72.6,9.3,73,9.2z M71.6,6.7C71.8,6.8,75,5.4,77.3,5c2.3-0.3,1.9-0.5,1.9-0.6c0-0.1-1.1-0.2-2.7,0.2\tC74.8,5.1,71.4,6.6,71.6,6.7z M93.6,4.4c0.1,0.2,3.5,0.8,5.6,1.8c2.1,1,1.8,0.6,1.9,0.5c0.1-0.1-0.8-0.8-2.4-1.3\tC97.1,4.8,93.5,4.2,93.6,4.4z M65.4,11.1c-0.1,0.3,0.3,0.5,1.9-0.2s2.6-1.3,2.2-1.2s-0.9,0.4-2.5,0.8C65.3,10.9,65.5,10.8,65.4,11.1\tz M34.5,12.4c-0.2,0,2.1,0.8,3.3,0.9c1.2,0.1,2,0.1,2-0.2c0-0.3-0.1-0.5-1.6-0.4C36.6,12.8,34.7,12.4,34.5,12.4z M152.2,21.1\tc-0.1,0.1-2.4-0.3-7.5-0.3c-5,0-13.6-2.4-17.2-3.5c-3.6-1.1,10,3.9,16.5,4.1C150.5,21.6,152.3,21,152.2,21.1z\"\/>\n\t<path d=\"M269.6,18c-0.1-0.1-4.6,0.3-7.2,0c-7.3-0.7-17-3.2-16.6-2.9c0.4,0.3,13.7,3.1,17,3.3\tC267.7,18.8,269.7,18,269.6,18z\"\/>\n\t<path d=\"M227.4,9.8c-0.2-0.1-4.5-1-9.5-1.2c-5-0.2-12.7,0.6-12.3,0.5c0.3-0.1,5.9-1.8,13.3-1.2\tS227.6,9.9,227.4,9.8z\"\/>\n\t<path d=\"M204.5,13.4c-0.1-0.1,2-1,3.2-1.1c1.2-0.1,2,0,2,0.3c0,0.3-0.1,0.5-1.6,0.4\tC206.4,12.9,204.6,13.5,204.5,13.4z\"\/>\n\t<path d=\"M201,10.6c0-0.1-4.4,1.2-6.3,2.2c-1.9,0.9-6.2,3.1-6.1,3.1c0.1,0.1,4.2-1.6,6.3-2.6\tS201,10.7,201,10.6z\"\/>\n\t<path d=\"M154.5,26.7c-0.1-0.1-4.6,0.3-7.2,0c-7.3-0.7-17-3.2-16.6-2.9c0.4,0.3,13.7,3.1,17,3.3\tC152.6,27.5,154.6,26.8,154.5,26.7z\"\/>\n\t<path d=\"M41.9,19.3c0,0,1.2-0.3,2.9-0.1c1.7,0.2,5.8,0.9,8.2,0.7c4.2-0.4,7.4-2.7,7-2.6\tc-0.4,0-4.3,2.2-8.6,1.9c-1.8-0.1-5.1-0.5-6.7-0.4S41.9,19.3,41.9,19.3z\"\/>\n\t<path d=\"M75.5,12.6c0.2,0.1,2-0.8,4.3-1.1c2.3-0.2,2.1-0.3,2.1-0.5c0-0.1-1.8-0.4-3.4,0\tC76.9,11.5,75.3,12.5,75.5,12.6z\"\/>\n\t<path d=\"M15.6,13.2c0-0.1,4.3,0,6.7,0.5c2.4,0.5,5,1.9,5,2c0,0.1-2.7-0.8-5.1-1.4\tC19.9,13.7,15.7,13.3,15.6,13.2z\"\/>\n<\/svg><\/div><div class='container av-section-cont-open' ><div class='template-page content  av-content-small alpha units'><div class='post-entry post-entry-type-page post-entry-45'><div class='entry-content-wrapper clearfix'>\n\n<style type=\"text\/css\" data-created_by=\"avia_inline_auto\" id=\"style-css-av-1ghb5-023be949c63f5db586125b6bc7fe08d2\">\n#top .av_textblock_section.av-1ghb5-023be949c63f5db586125b6bc7fe08d2 .avia_textblock{\nfont-size:18px;\n}\n<\/style>\n<section  class='av_textblock_section av-1ghb5-023be949c63f5db586125b6bc7fe08d2 '   itemscope=\"itemscope\" itemtype=\"https:\/\/schema.org\/CreativeWork\" ><div class='avia_textblock'  itemprop=\"text\" ><p style=\"text-align: justify;\"><strong>1.XXVIII Edizioa Meeting Paral\u00edmpico<\/strong>. Se celebrar\u00e1 el d\u00eda 31 de mayo de 2026 en el Polideportivo Artunduaga \u2013 Basauri, pudiendo participar todos aquellos atletas cuya inscripci\u00f3n haya sido previamente aceptada por la Organizaci\u00f3n.<\/p>\n<p style=\"text-align: justify;\"><strong>2.CALENDARIO INTERNACIONAL.<\/strong>\u00a0La prueba se encuentra incluida en el Calendario Internacional de Atletismo del Comit\u00e9 Paral\u00edmpico Internacional por lo que los resultados del Meeting Basauriko Probak ser\u00e1n v\u00e1lidos tanto para Records como para el Ranking.<\/p>\n<p style=\"text-align: justify;\"><strong>3.INSCRIPCIONES<\/strong>. la preinscripci\u00f3n podr\u00e1 realizarse a trav\u00e9s de la p\u00e1gina web\u00a0<strong>wwww.basaurimeeting.com<\/strong>. Ser\u00e1 necesario que tanto atletas como gu\u00edas, entrenadores, etc. rellenen el formulario de\u00a0<strong>pre-inscripci\u00f3n<\/strong>\u00a0en dicha Web. Una vez recibida su pre-inscripci\u00f3n, desde el Comit\u00e9 Organizador nos pondremos en contacto con usted.<\/p>\n<p style=\"text-align: justify;\"><strong>4.GASTOS POR DESPLAZAMIENTOS Y MANUTENCI\u00d3N<\/strong>. El Comit\u00e9 Organizador no se har\u00e1 cargo de gastos de desplazamiento ni manutenci\u00f3n que no se hayan acordado previamente con la Organizaci\u00f3n.<\/p>\n<p style=\"text-align: justify;\"><strong>5.PRUEBAS<\/strong>. Las pruebas est\u00e1n destinadas a atletas con discapacidad y en las pruebas calificadas como OPEN podr\u00e1n participar tambi\u00e9n atletas sin discapacidad. Todos los atletas deber\u00e1n disponer de la licencia federativa correspondiente. El horario de las pruebas se publicar\u00e1 en la Web y en el folleto informativo.<\/p>\n<p style=\"text-align: justify;\"><strong>6.RECOGIDA DE DORSALES.<\/strong>\u00a0Cada atleta, una vez aceptada su inscripci\u00f3n, recibir\u00e1 los dorsales necesarios con los que obligatoriamente deber\u00e1 participar en el XXVII Meeting Basauriko Probak\u00a0 que se podr\u00e1n recoger hasta una hora antes de su participaci\u00f3n el d\u00eda de la prueba. Los dorsales deber\u00e1n estar correctamente colocados sin dobleces (pecho y espalda).<\/p>\n<p style=\"text-align: justify;\"><strong>7.CAMARA DE LLAMADAS<\/strong>. Todos los atletas deber\u00e1n pasar por la c\u00e1mara de llamadas 30 minutos antes de su prueba. Los que participan en los concursos, 30 minutos antes y los que participan en carreras, 20 minutos antes.<\/p>\n<p style=\"text-align: justify;\"><strong>8.CRONOMETRAJE<\/strong>. El cronometraje ser\u00e1 a cargo de los Jueces y Cronometradores de la Federaci\u00f3n Atl\u00e9tica Vizca\u00edna.<\/p>\n<p style=\"text-align: justify;\"><strong>9.RESULTADOS<\/strong>. Los resultados, se expondr\u00e1n a medida que vaya transcurriendo la competici\u00f3n. Al finalizar la prueba, estar\u00e1n disponibles en la p\u00e1gina Web\u00a0<strong><u>www.basaurimeeting.com<\/u><\/strong>. No se entregar\u00e1n los resultados a ninguna persona bajo ning\u00fan concepto.<\/p>\n<p style=\"text-align: justify;\"><strong>10.SEGURO DE RESPONSABILIDAD CIVIL Y SERVICIO M\u00c9DICO<\/strong>\u00a0Todos los participantes est\u00e1n acogidos al Seguro de Responsabilidad Civil. La organizaci\u00f3n declina toda responsabilidad por da\u00f1os, perjuicios o lesiones que los participantes se puedan ocasionar as\u00ed mismos o a otras personas en el transcurso de la competici\u00f3n. La organizaci\u00f3n no se responsabiliza de los objetos personales de los participantes. Recordamos que no se deber\u00e1 dejar los objetos personales en las taquillas una vez finalizado el Meeting. Habr\u00e1 un servicio m\u00e9dico a disposici\u00f3n de los participantes.<\/p>\n<p style=\"text-align: justify;\"><strong>11.OBLIGACIONES<\/strong><\/p>\n<p style=\"text-align: justify;\">Toda atleta una vez finalizada su competici\u00f3n deber\u00e1 abandonar la pista inmediatamente y permanecer en la zona de gradas, para facilitar el trabajo de la Organizaci\u00f3n y del resto de participantes.<\/p>\n<p style=\"text-align: justify;\">Todo aquel atleta que sea requerido para pasar el control anti-dopping,\u00a0 deber\u00e1 dirigirse a la unidad m\u00e9dica para dicho control.<\/p>\n<p style=\"text-align: justify;\">El hecho de participar en el XXVII Meeting Basauriko Probak, supone el acatamiento del presente reglamento y las indicaciones del Comit\u00e9 Organizador.<\/p>\n<p style=\"text-align: justify;\"><strong>12.MODIFICACIONES<\/strong><\/p>\n<p style=\"text-align: justify;\">El Comit\u00e9 Organizador se reserva el derecho de modificar cualquier aspecto del Meeting, si as\u00ed lo exigen las circunstancias.<\/p>\n<\/div><\/section>\n<\/div><\/div><\/div><!-- close content main div --><\/div><\/div>\n<style type=\"text\/css\" data-created_by=\"avia_inline_auto\" id=\"style-css-av-2rbvt-18fbbc1c937d4b5e177bf8e2b9d17064\">\n.avia-section.av-2rbvt-18fbbc1c937d4b5e177bf8e2b9d17064{\nposition:relative;\n}\n.avia-section.av-2rbvt-18fbbc1c937d4b5e177bf8e2b9d17064 .avia-divider-svg-top svg{\nheight:50px;\nwidth:calc(100% + 1.3px);\nfill:#7bb0e7;\n}\n<\/style>\n<div id='av_section_3'  class='avia-section av-2rbvt-18fbbc1c937d4b5e177bf8e2b9d17064 main_color avia-section-no-padding avia-no-border-styling  avia-builder-el-5  el_after_av_section  avia-builder-el-last  avia-bg-style-scroll container_wrap sidebar_right'  ><div class='avia-divider-svg avia-divider-svg-wave-brush avia-divider-svg-top avia-svg-original'><svg xmlns=\"http:\/\/www.w3.org\/2000\/svg\" viewBox=\"0 0 283.5 27.8\" preserveAspectRatio=\"none\">\n\t<path d=\"M283.5,9.7c0,0-7.3,4.3-14,4.6c-6.8,0.3-12.6,0-20.9-1.5c-11.3-2-33.1-10.1-44.7-5.7\ts-12.1,4.6-18,7.4c-6.6,3.2-20,9.6-36.6,9.3C131.6,23.5,99.5,7.2,86.3,8c-1.4,0.1-6.6,0.8-10.5,2c-3.8,1.2-9.4,3.8-17,4.7\tc-3.2,0.4-8.3,1.1-14.2,0.9c-1.5-0.1-6.3-0.4-12-1.6c-5.7-1.2-11-3.1-15.8-3.7C6.5,9.2,0,10.8,0,10.8V0h283.5V9.7z M260.8,11.3\tc-0.7-1-2-0.4-4.3-0.4c-2.3,0-6.1-1.2-5.8-1.1c0.3,0.1,3.1,1.5,6,1.9C259.7,12.2,261.4,12.3,260.8,11.3z M242.4,8.6\tc0,0-2.4-0.2-5.6-0.9c-3.2-0.8-10.3-2.8-15.1-3.5c-8.2-1.1-15.8,0-15.1,0.1c0.8,0.1,9.6-0.6,17.6,1.1c3.3,0.7,9.3,2.2,12.4,2.7\tC239.9,8.7,242.4,8.6,242.4,8.6z M185.2,8.5c1.7-0.7-13.3,4.7-18.5,6.1c-2.1,0.6-6.2,1.6-10,2c-3.9,0.4-8.9,0.4-8.8,0.5\tc0,0.2,5.8,0.8,11.2,0c5.4-0.8,5.2-1.1,7.6-1.6C170.5,14.7,183.5,9.2,185.2,8.5z M199.1,6.9c0.2,0-0.8-0.4-4.8,1.1\tc-4,1.5-6.7,3.5-6.9,3.7c-0.2,0.1,3.5-1.8,6.6-3C197,7.5,199,6.9,199.1,6.9z M283,6c-0.1,0.1-1.9,1.1-4.8,2.5s-6.9,2.8-6.7,2.7\tc0.2,0,3.5-0.6,7.4-2.5C282.8,6.8,283.1,5.9,283,6z M31.3,11.6c0.1-0.2-1.9-0.2-4.5-1.2s-5.4-1.6-7.8-2C15,7.6,7.3,8.5,7.7,8.6\tC8,8.7,15.9,8.3,20.2,9.3c2.2,0.5,2.4,0.5,5.7,1.6S31.2,11.9,31.3,11.6z M73,9.2c0.4-0.1,3.5-1.6,8.4-2.6c4.9-1.1,8.9-0.5,8.9-0.8\tc0-0.3-1-0.9-6.2-0.3S72.6,9.3,73,9.2z M71.6,6.7C71.8,6.8,75,5.4,77.3,5c2.3-0.3,1.9-0.5,1.9-0.6c0-0.1-1.1-0.2-2.7,0.2\tC74.8,5.1,71.4,6.6,71.6,6.7z M93.6,4.4c0.1,0.2,3.5,0.8,5.6,1.8c2.1,1,1.8,0.6,1.9,0.5c0.1-0.1-0.8-0.8-2.4-1.3\tC97.1,4.8,93.5,4.2,93.6,4.4z M65.4,11.1c-0.1,0.3,0.3,0.5,1.9-0.2s2.6-1.3,2.2-1.2s-0.9,0.4-2.5,0.8C65.3,10.9,65.5,10.8,65.4,11.1\tz M34.5,12.4c-0.2,0,2.1,0.8,3.3,0.9c1.2,0.1,2,0.1,2-0.2c0-0.3-0.1-0.5-1.6-0.4C36.6,12.8,34.7,12.4,34.5,12.4z M152.2,21.1\tc-0.1,0.1-2.4-0.3-7.5-0.3c-5,0-13.6-2.4-17.2-3.5c-3.6-1.1,10,3.9,16.5,4.1C150.5,21.6,152.3,21,152.2,21.1z\"\/>\n\t<path d=\"M269.6,18c-0.1-0.1-4.6,0.3-7.2,0c-7.3-0.7-17-3.2-16.6-2.9c0.4,0.3,13.7,3.1,17,3.3\tC267.7,18.8,269.7,18,269.6,18z\"\/>\n\t<path d=\"M227.4,9.8c-0.2-0.1-4.5-1-9.5-1.2c-5-0.2-12.7,0.6-12.3,0.5c0.3-0.1,5.9-1.8,13.3-1.2\tS227.6,9.9,227.4,9.8z\"\/>\n\t<path d=\"M204.5,13.4c-0.1-0.1,2-1,3.2-1.1c1.2-0.1,2,0,2,0.3c0,0.3-0.1,0.5-1.6,0.4\tC206.4,12.9,204.6,13.5,204.5,13.4z\"\/>\n\t<path d=\"M201,10.6c0-0.1-4.4,1.2-6.3,2.2c-1.9,0.9-6.2,3.1-6.1,3.1c0.1,0.1,4.2-1.6,6.3-2.6\tS201,10.7,201,10.6z\"\/>\n\t<path d=\"M154.5,26.7c-0.1-0.1-4.6,0.3-7.2,0c-7.3-0.7-17-3.2-16.6-2.9c0.4,0.3,13.7,3.1,17,3.3\tC152.6,27.5,154.6,26.8,154.5,26.7z\"\/>\n\t<path d=\"M41.9,19.3c0,0,1.2-0.3,2.9-0.1c1.7,0.2,5.8,0.9,8.2,0.7c4.2-0.4,7.4-2.7,7-2.6\tc-0.4,0-4.3,2.2-8.6,1.9c-1.8-0.1-5.1-0.5-6.7-0.4S41.9,19.3,41.9,19.3z\"\/>\n\t<path d=\"M75.5,12.6c0.2,0.1,2-0.8,4.3-1.1c2.3-0.2,2.1-0.3,2.1-0.5c0-0.1-1.8-0.4-3.4,0\tC76.9,11.5,75.3,12.5,75.5,12.6z\"\/>\n\t<path d=\"M15.6,13.2c0-0.1,4.3,0,6.7,0.5c2.4,0.5,5,1.9,5,2c0,0.1-2.7-0.8-5.1-1.4\tC19.9,13.7,15.7,13.3,15.6,13.2z\"\/>\n<\/svg><\/div><div class='container av-section-cont-open' ><div class='template-page content  av-content-small alpha units'><div class='post-entry post-entry-type-page post-entry-45'><div class='entry-content-wrapper clearfix'>\n\n<style type=\"text\/css\" data-created_by=\"avia_inline_auto\" id=\"style-css-av-238ll-6e9778edb5157c0bd67d7a6fa2455ffc\">\n.avia-image-container.av-238ll-6e9778edb5157c0bd67d7a6fa2455ffc img.avia_image{\nbox-shadow:none;\n}\n.avia-image-container.av-238ll-6e9778edb5157c0bd67d7a6fa2455ffc .av-image-caption-overlay-center{\ncolor:#ffffff;\n}\n<\/style>\n<div  class='avia-image-container av-238ll-6e9778edb5157c0bd67d7a6fa2455ffc av-styling- avia-align-center  avia-builder-el-6  el_before_av_textblock  avia-builder-el-first '   itemprop=\"image\" itemscope=\"itemscope\" itemtype=\"https:\/\/schema.org\/ImageObject\" ><div class=\"avia-image-container-inner\"><div class=\"avia-image-overlay-wrap\"><img decoding=\"async\" fetchpriority=\"high\" class='wp-image-496 avia-img-lazy-loading-not-496 avia_image ' src=\"https:\/\/www.basaurimeeting.com\/wp-content\/uploads\/2015\/06\/LogosAmbos.png\" alt='' title='LogosAmbos'  height=\"224\" width=\"179\"  itemprop=\"thumbnailUrl\"  \/><\/div><\/div><\/div>\n\n<style type=\"text\/css\" data-created_by=\"avia_inline_auto\" id=\"style-css-av-1q2u1-a6b9487a3886250dee3f331105a9dd46\">\n#top .av_textblock_section.av-1q2u1-a6b9487a3886250dee3f331105a9dd46 .avia_textblock{\nfont-size:12px;\n}\n<\/style>\n<section  class='av_textblock_section av-1q2u1-a6b9487a3886250dee3f331105a9dd46 '   itemscope=\"itemscope\" itemtype=\"https:\/\/schema.org\/CreativeWork\" ><div class='avia_textblock'  itemprop=\"text\" ><p style=\"text-align: center;\"><strong>Asociaci\u00f3n de Comerciantes de Basauri<\/strong><\/p>\n<\/div><\/section>\n\n<style type=\"text\/css\" data-created_by=\"avia_inline_auto\" id=\"style-css-av-pyzl-4ea93bbbae7bd13f0fbc1444200bad08\">\n#top .av_textblock_section.av-pyzl-4ea93bbbae7bd13f0fbc1444200bad08 .avia_textblock{\nfont-size:12px;\n}\n<\/style>\n<section  class='av_textblock_section av-pyzl-4ea93bbbae7bd13f0fbc1444200bad08 '   itemscope=\"itemscope\" itemtype=\"https:\/\/schema.org\/CreativeWork\" ><div class='avia_textblock'  itemprop=\"text\" ><p style=\"text-align: center;\"><a href=\"https:\/\/www.basaurimeeting.com\/index.php\/aviso-legal\/\">Aviso Legal<\/a> | <a href=\"https:\/\/www.basaurimeeting.com\/index.php\/politica-de-privacidad\/\">Pol\u00edtica de Privacidad<\/a> |<a href=\"https:\/\/www.basaurimeeting.com\/index.php\/politica-de-cookies\/\">\u00a0Pol\u00edtica de Cookies<\/a><\/p>\n<\/div><\/section>\n<\/div><\/div><\/div><!-- close content main div --><\/div><\/div><div id='after_section_3'  class='main_color av_default_container_wrap container_wrap sidebar_right'  ><div class='container av-section-cont-open' ><div class='template-page content  av-content-small alpha units'><div class='post-entry post-entry-type-page post-entry-45'><div class='entry-content-wrapper clearfix'><\/p>\n","protected":false},"excerpt":{"rendered":"","protected":false},"author":1,"featured_media":0,"parent":0,"menu_order":0,"comment_status":"closed","ping_status":"closed","template":"","meta":{"footnotes":""},"class_list":["post-45","page","type-page","status-publish","hentry"],"_links":{"self":[{"href":"https:\/\/www.basaurimeeting.com\/index.php\/wp-json\/wp\/v2\/pages\/45","targetHints":{"allow":["GET"]}}],"collection":[{"href":"https:\/\/www.basaurimeeting.com\/index.php\/wp-json\/wp\/v2\/pages"}],"about":[{"href":"https:\/\/www.basaurimeeting.com\/index.php\/wp-json\/wp\/v2\/types\/page"}],"author":[{"embeddable":true,"href":"https:\/\/www.basaurimeeting.com\/index.php\/wp-json\/wp\/v2\/users\/1"}],"replies":[{"embeddable":true,"href":"https:\/\/www.basaurimeeting.com\/index.php\/wp-json\/wp\/v2\/comments?post=45"}],"version-history":[{"count":53,"href":"https:\/\/www.basaurimeeting.com\/index.php\/wp-json\/wp\/v2\/pages\/45\/revisions"}],"predecessor-version":[{"id":3777,"href":"https:\/\/www.basaurimeeting.com\/index.php\/wp-json\/wp\/v2\/pages\/45\/revisions\/3777"}],"wp:attachment":[{"href":"https:\/\/www.basaurimeeting.com\/index.php\/wp-json\/wp\/v2\/media?parent=45"}],"curies":[{"name":"wp","href":"https:\/\/api.w.org\/{rel}","templated":true}]}}